{"id":147,"date":"2023-08-30T22:48:12","date_gmt":"2023-08-30T20:48:12","guid":{"rendered":"https:\/\/cpid.fr\/?page_id=147"},"modified":"2025-07-09T19:30:16","modified_gmt":"2025-07-09T17:30:16","slug":"qui-sommes-nous","status":"publish","type":"page","link":"https:\/\/cpid.fr\/index.php\/qui-sommes-nous\/","title":{"rendered":"Qui sommes-nous?"},"content":{"rendered":"\n<p class=\"has-medium-font-size\">Le Comite Parlementaire pour un Iran d\u00e9mocratique (CPID) rassemble des membres de l\u2019Assembl\u00e9e nationale et du S\u00e9nat de divers courants politiques.<\/p>\n\n\n\n<p class=\"has-medium-font-size\">Le CPID a men\u00e9 des actions de sensibilisation gr\u00e2ce \u00e0 de nombreues r\u00e9unions et conf\u00e9rences organis\u00e9es au fil de plus de quatre l\u00e9gislatures, mais aussi a travers des communiqu\u00e9s r\u00e9agissant a l\u2019actualit\u00e9 iranienne. Le CPID, qui refuse toute forme de dictature en Iran, est anim\u00e9 par des parlementaires soutenant l\u2019instauration d\u2019une R\u00e9publique d\u00e9mocratique et la\u00efque dans ce pays apr\u00e8s la chute de la dictature religieuse au pouvoir.<\/p>\n\n\n\n<p class=\"has-medium-font-size\"><a href=\"https:\/\/cpid.fr\/index.php\/bureau\/\" data-type=\"page\" data-id=\"80\">Le Bureau<\/a><\/p>\n\n\n\n<p class=\"has-small-font-size\"><strong>Adresse<\/strong>:Assembl\u00e9e nationale, 126 Rue de l&#8217;Universit\u00e9, 75355 Paris 07 SP<\/p>\n\n\n\n<p class=\"has-medium-font-size\"><a href=\"mailto:info@cpid.fr\">info@cpid.fr<\/a><\/p>\n","protected":false},"excerpt":{"rendered":"<p>Le Comite Parlementaire pour un Iran d\u00e9mocratique (CPID) rassemble des membres de l\u2019Assembl\u00e9e nationale et du S\u00e9nat de divers courants politiques. Le CPID a men\u00e9 des actions de sensibilisation gr\u00e2ce \u00e0 de nombreues r\u00e9unions et conf\u00e9rences organis\u00e9es au fil de &hellip; <a href=\"https:\/\/cpid.fr\/index.php\/qui-sommes-nous\/\">Continued<\/a><\/p>\n","protected":false},"author":2,"featured_media":0,"parent":0,"menu_order":0,"comment_status":"closed","ping_status":"closed","template":"","meta":{"footnotes":""},"class_list":["post-147","page","type-page","status-publish","hentry"],"_links":{"self":[{"href":"https:\/\/cpid.fr\/index.php\/wp-json\/wp\/v2\/pages\/147","targetHints":{"allow":["GET"]}}],"collection":[{"href":"https:\/\/cpid.fr\/index.php\/wp-json\/wp\/v2\/pages"}],"about":[{"href":"https:\/\/cpid.fr\/index.php\/wp-json\/wp\/v2\/types\/page"}],"author":[{"embeddable":true,"href":"https:\/\/cpid.fr\/index.php\/wp-json\/wp\/v2\/users\/2"}],"replies":[{"embeddable":true,"href":"https:\/\/cpid.fr\/index.php\/wp-json\/wp\/v2\/comments?post=147"}],"version-history":[{"count":7,"href":"https:\/\/cpid.fr\/index.php\/wp-json\/wp\/v2\/pages\/147\/revisions"}],"predecessor-version":[{"id":480,"href":"https:\/\/cpid.fr\/index.php\/wp-json\/wp\/v2\/pages\/147\/revisions\/480"}],"wp:attachment":[{"href":"https:\/\/cpid.fr\/index.php\/wp-json\/wp\/v2\/media?parent=147"}],"curies":[{"name":"wp","href":"https:\/\/api.w.org\/{rel}","templated":true}]}}